a. Is a composite?
True
Let h be -697 + 0 + -2 + (2 - 1). Let w = h + 1371. Is w a prime number?
True
Let n = 82 - 206. Let t = 87 - n. Is t a prime number?
True
Let a(d) = d**3 - 5*d**2 - 2*d - 7. Let y be a(9). Suppose 0 = -0*g + 4*g - 16. Suppose 3*s - g*s = -y. Is s prime?
False
Let x = 6148 - 2393. Is x composite?
True
Let o(i) = -i**2 + 16*i - 13. Let n be o(15). Suppose n*q + m + 37 = 6*m, -2*m = -5*q - 103. Is 1/3 + (-1904)/q prime?
False
Let b(d) = 5*d**2 - 4*d - 6. Let s be b(-7). Let f be (-4)/14 - 46/(-14). Suppose -6*q = -f*q - s. Is q composite?
False
Let f(y) = 3*y**3 - 7*y**2 + 8*y - 4. Let k be f(5). Suppose 3*c - d = -0*d + 173, -4*d = 4*c - k. Is c a composite number?
True
Let h(i) = -i + 8. Let t = 9 + -6. Let a be h(t). Suppose 4*k - 4*o - 336 = 0, a*o - 231 = -4*k + 123. Is k prime?
False
Is (-21)/(-42)*(3246 - 0) prime?
False
Let n(k) = 42623*k**2 - 9*k - 9. Is n(-1) prime?
False
Let y(o) = -9*o - 103. Is y(-32) a prime number?
False
Suppose -15*c = -16*c + k + 3866, 4*c - k = 15473. Is c prime?
False
Let c = -146 + 50. Let t = c + 175. Is t a prime number?
True
Suppose -15 = 5*i + 5*y, 5*i - 4*y - 1 = -y. Is 9*(56 + i) + 2 prime?
False
Is ((-7934)/6)/(1/(-3)) a composite number?
False
Let x be (32/(-20))/(4/(-590)). Let h = x - -198. Let j = h + -233. Is j composite?
True
Suppose 0 = 5*s + i + 27973 - 72669, i + 17877 = 2*s. Is s composite?
True
Let d(s) = -20 - 3*s**2 - 5 - 3*s**3 + 3*s**2 - 13*s - s**2. Is d(-10) prime?
False
Let o(m) = -71*m + 8. Suppose 3*r - r = 10. Let g be o(r). Let u = 880 + g. Is u composite?
True
Let h be 1*9 + (-2)/1. Let j(a) = -a**2 + 10*a. Is j(h) a composite number?
True
Let d be 5/(3 + 7) - (-981)/2. Suppose -5*v + d = 4*p, -v - 11*p = -12*p - 91. Is v composite?
True
Is (-11)/110 - (-4 - 551155/50) prime?
True
Let u(h) = -3*h**2 + 14*h + 13. Let d be u(-1). Suppose -10 = -3*o + 8*o. Is d - (-3 - (634 + o)) a composite number?
False
Let y = 61 + -54. Suppose -y*v - 145 = -2630. Is v prime?
False
Let z be 1 - (28*8)/(-2). Let j = -391 - z. Let x = j + 811. Is x composite?
False
Suppose 58*i = 8*i + 239150. Is i a prime number?
True
Let l = -22 + 26. Suppose -266 + 1750 = l*u. Is u prime?
False
Let z(g) = -g**3 - 16*g**2 - 20*g - 11. Let k be z(-14). Let w be k/(-39) - (-4)/(-26). Suppose 3*t = w*i + 111, 148 = 4*t - 3*i + 5*i. Is t a composite number?
False
Suppose -j + 3*j = -a + 36401, -54603 = -3*j - 2*a. Is j composite?
False
Let l(x) = -2*x**3 + 8*x**2 + 4. Let z be l(4). Suppose -z*y = w + w - 3816, y + 3*w = 959. Is y prime?
True
Is (-2 - 21)*(8 + -279) a prime number?
False
Suppose 0*s + 2*s + 35 = 5*k, 0 = 2*k - 2*s - 14. Suppose -4*q = 8, 3*q = -4*o + 5*o - k. Is 52 + (7 + -3 - o) composite?
True
Let m = 31 - 27. Let s be m + 0 + (-11 - -4). Is s/18 - 782/(-12) prime?
False
Is ((385184/12)/2)/((-4)/(-6)) a prime number?
False
Suppose -3 = 3*f - 9. Suppose 37 = -f*i + 729. Is i a prime number?
False
Let c be (2/6)/(4/32628). Suppose -5*m - 3*g + 6820 = -8*g, g - c = -2*m. Is m composite?
False
Let f be (-171)/3*-11 + 4. Let x = f - 251. Suppose -2*v - w + x = 0, 2*w + 951 = 5*v + 4*w. Is v composite?
False
Let r(m) = -m**3 + 7*m**2 + 2*m - 16. Let o be r(7). Is (-1 + -3)/o + 3*1313 composite?
True
Let d be 20/6 - (20/6 - 3). Suppose -2*t = -d*j - 0*t + 2425, -j = -4*t - 805. Is j a composite number?
False
Let m(b) = 2400*b**2 + 9*b + 5. Is m(-2) composite?
False
Suppose -6 - 9 = -5*x. Let d be (x/2)/(-1)*-2. Suppose -d*s - 499 = -4*r, 4*r + 2*s + 121 = 5*r. Is r a composite number?
False
Let s(k) = k**3 - 4*k**2 + 2*k - 2. Let m(l) = l - 2. Let w be m(5). Let d be s(w). Let z = 84 + d. Is z a prime number?
True
Suppose 3*b + j - 11546 = 0, 2*b = -4*j + 8324 - 610. Is b a prime number?
True
Suppose -5*n = 4*z - 11033 - 9818, 0 = -2*n + 6. Is z composite?
False
Suppose -2*p = 5*d - 7761, d - 162 = 2*p + 1395. Is d a prime number?
True
Is (19/(133/(-42490)))/(-2) a composite number?
True
Suppose 17 = -2*d - 3*s + 4, 4*d - 5*s = -37. Let l = 11 + d. Is l/(-7) + (-276)/(-7) composite?
True
Let o(n) = 2*n + 20. Let c(h) = h + 10. Let r(i) = 7*c(i) - 3*o(i). Is r(12) a prime number?
False
Suppose -2910010 = -66*i + 2411900. Is i composite?
True
Suppose -445*y + 446*y = 921. Is y a composite number?
True
Let a(k) = -29*k + 13*k + 12*k. Let s be a(-1). Suppose -70 = -m - s*m. Is m prime?
False
Suppose -134 - 31 = 3*q. Let k = q + 106. Is k a composite number?
True
Is ((-8412)/(-24))/(2/4) prime?
True
Suppose -t = -5*h - 213, 5*t - 5*h + 0*h = 1005. Suppose -d - t = -r + d, 0 = -d - 2. Is (-1)/((-2)/r + 0) prime?
True
Let c = 10 + -5. Let w be ((-16)/(-20))/(1/c). Suppose -o - 12 = 2*o, -647 = -z + w*o. Is z a composite number?
False
Let f(r) = 10*r**2 + 33*r + 41. Is f(24) composite?
True
Let q(a) = 15*a**2 + 186*a - 88. Is q(37) composite?
False
Let m = -18335 + 25836. Is m composite?
True
Let k(x) = x**2 + 7*x - 27. Is k(22) composite?
True
Let t be ((-8)/(-6))/4*0. Suppose t = b - 286 - 45. Is b prime?
True
Suppose -12243 = -2*v + 3211. Is v a composite number?
False
Suppose 0 = l - 4*d + 2*d - 8, -5*d - 11 = 2*l. Suppose -l*x - 9 = -749. Let g = x - 191. Is g a prime number?
True
Suppose 5*v - v + 4 = 0. Suppose -3*d + 39 = 42. Is (-2)/d*v + 575 composite?
True
Let i(d) = 41*d + 20. Let h be i(15). Suppose 3*g - h = -n + 5*g, -5*n - 4*g + 3147 = 0. Is n a prime number?
True
Let i(v) = -v**3 - 32*v**2 - 33*v - 11. Is i(-31) a prime number?
False
Suppose 112 = -5*s - 343. Is 3/21 + (-61594)/s prime?
True
Let q = 30216 + -16715. Is q prime?
False
Suppose -593 = -2*x - 5*b, 4*x - 638 = 2*x + 4*b. Is x a composite number?
True
Let b(m) = 66*m + 7. Let q be b(9). Suppose 2*u - 195 = -q. Let c = 352 + u. Is c a composite number?
False
Let i(j) = -1211*j + 89. Is i(-28) a prime number?
True
Let q be (-18)/(-4)*20/(-6). Let g be (-15)/q + (-1 - -231). Suppose -3*y + g = -243. Is y a composite number?
True
Let r = 13 + -17. Let w be ((-5)/(10/r))/2. Is -1 - (-56 - 3)*w a prime number?
False
Let m(v) = -v + 6. Let t(p) = 24. Let a(f) = -6. Let i(n) = 21*a(n) + 5*t(n). Let c(g) = -4*i(g) - 5*m(g). Is c(11) prime?
False
Is 210/245*601706/6 a composite number?
True
Let p(n) = -1028*n + 551. Is p(-24) a prime number?
False
Let z be (-2 - (-46)/6)/((-3)/612). Let o = -707 - z. Is o a composite number?
False
Suppose -y - 4*v + 11 = 3, 5*y + 4*v - 8 = 0. Suppose a = -1, y = -5*g - 4*a + 532 + 919. Is g composite?
True
Suppose 2*j = 2*u + j - 5, 2*u = -4*j - 20. Suppose u*l = 2*l + 28. Let f(a) = -7*a - 13. Is f(l) a composite number?
True
Suppose -4*m - 10 + 74 = 0. Suppose m*a - 90 = 21*a. Is a/12*38/(-3) a prime number?
True
Is 3790/3*9/15 prime?
False
Let k(z) = 12*z**2 + 11*z - 20*z**2 + 10*z**2 - 2*z + 2. Is k(-7) a composite number?
False
Let c be 20/2*(-1180)/4. Let o = c - -5433. Is o prime?
False
Let z(v) = -v**3 + v**2 - v - 15. Let r be z(0). Suppose 10*i - 14*i = 12, 9 = -j - 4*i. Is 1*j + (-18750)/r composite?
True
Let n = 2442 - 1365. Is n a prime number?
False
Suppose -3*n + 0*n + 9 = 0. Is (-3 - 8/(-3))*n + 204 a prime number?
False
Let g = -8281 - -21002. Is g prime?
True
Let a be (-2)/((-1)/(-1) - -3)*-3522. Suppose 0 = 14*s - 17*s + a. Is s prime?
True
Let d(g) = -g - 11. Let n be d(-8). Let s(a) = -4*a + 3. Let p be s(n). Let q = p + 32. Is q a composite number?
False
Let u(n) = -2*n**3 - n**2 + n - 1. Let z be u(-2). Let v = z - 6. Suppose -4*f = -v*f - 4. Is f a prime number?
False
Suppose -51058 = -5*y + 16*g - 19*g, 20417 = 2*y - 5*g. Is y a composite number?
False
Is ((-12)/4 - 0)*(-72894)/18 a prime number?
True
Let b(z) = -z**3 + 8*z**2 - z + 11. Let a be b(8). Suppose a*p - 1740 = -p. Suppose p = 2*f + f. Is f prime?
False
Is -1*(-76318 + 1)*4/12 a composite number?
False
Suppose 0 = 3*j + 2*j - 225. Suppose t = j + 25. Suppose -5*z - 15 = -t. Is z a composite number?
False
Let m(j) = -j**3 + 2*j + 2. Let n be m(0). Suppose 4*y = -n*p - p + 5490, 0 = -p + 2. Is y composite?
True
Suppose -3*x + 2*x = -2*r + 3037, -3*r = 2*x - 4545. Is r a composite number?
True
Is ((-9029)/(2/(-2)))/(24 + -23) composite?
False
Let r be -5 - -4 - (2 - 789) - 1. Suppose 9195 = 10*z + r. Is z a composite number?
True
Let u = -4247 - -7380. Is u a prime number?
False
Is (15824 - 3/3) + -14 +